{"id":49,"date":"2017-03-27T14:27:58","date_gmt":"2017-03-27T12:27:58","guid":{"rendered":"http:\/\/www.cousumouche.com\/cordiers\/?page_id=49"},"modified":"2019-12-03T18:03:01","modified_gmt":"2019-12-03T17:03:01","slug":"cordiers-sessions-volume-1","status":"publish","type":"page","link":"http:\/\/www.cousumouche.com\/cordiers\/","title":{"rendered":"Cordiers Sessions"},"content":{"rendered":"<h1>Cordiers Sessions &#8211; Double album<\/h1>\n<h3>Voici enfin le double album tant attendu avec son livret photos et tous les textes des chanson.<\/h3>\n<p><a href=\"http:\/\/www.cousumouche.com\/cordiers\/index.php\/produit\/cordiers-sessions-double-album\/\"><img loading=\"lazy\" decoding=\"async\" class=\"alignleft wp-image-462 size-thumbnail\" src=\"http:\/\/www.cousumouche.com\/cordiers\/wp-content\/uploads\/2019\/12\/cordiers1-150x150.jpg\" alt=\"\" width=\"150\" height=\"150\" srcset=\"http:\/\/www.cousumouche.com\/cordiers\/wp-content\/uploads\/2019\/12\/cordiers1-150x150.jpg 150w, http:\/\/www.cousumouche.com\/cordiers\/wp-content\/uploads\/2019\/12\/cordiers1-300x300.jpg 300w, http:\/\/www.cousumouche.com\/cordiers\/wp-content\/uploads\/2019\/12\/cordiers1-768x768.jpg 768w, http:\/\/www.cousumouche.com\/cordiers\/wp-content\/uploads\/2019\/12\/cordiers1-1024x1024.jpg 1024w, http:\/\/www.cousumouche.com\/cordiers\/wp-content\/uploads\/2019\/12\/cordiers1-100x100.jpg 100w, http:\/\/www.cousumouche.com\/cordiers\/wp-content\/uploads\/2019\/12\/cordiers1-250x250.jpg 250w, http:\/\/www.cousumouche.com\/cordiers\/wp-content\/uploads\/2019\/12\/cordiers1-350x350.jpg 350w, http:\/\/www.cousumouche.com\/cordiers\/wp-content\/uploads\/2019\/12\/cordiers1.jpg 1630w\" sizes=\"(max-width: 150px) 100vw, 150px\" \/><\/a>Cliquez sur la vignette pour l&rsquo;acheter (25 francs).<\/p>\n<h1>Cordiers Sessions &#8211; version mp3 &#8211; vol. 1<\/h1>\n<h3>Enregistr\u00e9 alors que le froid se glissait dans les fissures des murs et que l\u2019eau gouttait du plafond. Enregistr\u00e9 comme un pied de nez aux bulldozers et au temps qui passe.\u00a0Enregistr\u00e9 entre amis.\u00a0Enregistr\u00e9 dans la joie.<\/h3>\n<p><a href=\"https:\/\/www.cousumouche.com\/cordiers\/index.php\/produit\/cordiers-sessions-volume-1\/\"><img loading=\"lazy\" decoding=\"async\" class=\"alignleft wp-image-212 size-thumbnail\" src=\"http:\/\/www.cousumouche.com\/cordiers\/wp-content\/uploads\/edd\/2017\/05\/cordiers_couv-150x150.jpg\" alt=\"\" width=\"150\" height=\"150\" srcset=\"http:\/\/www.cousumouche.com\/cordiers\/wp-content\/uploads\/edd\/2017\/05\/cordiers_couv-150x150.jpg 150w, http:\/\/www.cousumouche.com\/cordiers\/wp-content\/uploads\/edd\/2017\/05\/cordiers_couv-250x250.jpg 250w, http:\/\/www.cousumouche.com\/cordiers\/wp-content\/uploads\/edd\/2017\/05\/cordiers_couv-100x100.jpg 100w\" sizes=\"(max-width: 150px) 100vw, 150px\" \/><\/a>Cliquez sur la vignette pour \u00e9couter les extraits de l&rsquo;album ou pour l&rsquo;acheter au format \u00e9lectronique (mp3 &#8211; 320 kbps).<\/p>\n<h1>Cordiers Sessions &#8211; version mp3 &#8211; vol. 2<\/h1>\n<h3>Enregistr\u00e9 entre la rue des Cordiers \u00e0 Gen\u00e8ve, Paris et Athenaz, voici enfin le Volume 2 des Cordiers Sessions. Enregistr\u00e9 dans le m\u00eame esprit que le volume pr\u00e9c\u00e9dent, dans l&rsquo;amiti\u00e9 et quelque chose qui n&rsquo;\u00e9tait pas trop loin du bonheur.<\/h3>\n<p><a href=\"https:\/\/www.cousumouche.com\/cordiers\/index.php\/produit\/cordiers-sessions-volume-2\/\"><img loading=\"lazy\" decoding=\"async\" class=\"alignleft wp-image-420 size-thumbnail\" src=\"http:\/\/www.cousumouche.com\/cordiers\/wp-content\/uploads\/2018\/04\/cordiers_2_couv-150x150.jpg\" alt=\"\" width=\"150\" height=\"150\" srcset=\"http:\/\/www.cousumouche.com\/cordiers\/wp-content\/uploads\/2018\/04\/cordiers_2_couv-150x150.jpg 150w, http:\/\/www.cousumouche.com\/cordiers\/wp-content\/uploads\/2018\/04\/cordiers_2_couv-250x250.jpg 250w, http:\/\/www.cousumouche.com\/cordiers\/wp-content\/uploads\/2018\/04\/cordiers_2_couv-300x300.jpg 300w, http:\/\/www.cousumouche.com\/cordiers\/wp-content\/uploads\/2018\/04\/cordiers_2_couv-768x768.jpg 768w, http:\/\/www.cousumouche.com\/cordiers\/wp-content\/uploads\/2018\/04\/cordiers_2_couv-100x100.jpg 100w, http:\/\/www.cousumouche.com\/cordiers\/wp-content\/uploads\/2018\/04\/cordiers_2_couv-350x350.jpg 350w, http:\/\/www.cousumouche.com\/cordiers\/wp-content\/uploads\/2018\/04\/cordiers_2_couv.jpg 787w\" sizes=\"(max-width: 150px) 100vw, 150px\" \/><\/a>Cliquez sur la vignette pour \u00e9couter les extraits de l&rsquo;album ou pour l&rsquo;acheter au format \u00e9lectronique (mp3 &#8211; 320 kbps).<\/p>\n<p>&nbsp;<\/p>\n","protected":false},"excerpt":{"rendered":"<p>Cordiers Sessions &#8211; Double album Voici enfin le double album tant attendu avec son livret photos et tous les textes des chanson. Cliquez sur la vignette pour l&rsquo;acheter (25 francs). Cordiers Sessions &#8211; version mp3 &#8211; vol. 1 Enregistr\u00e9 alors que le froid se glissait dans les fissures des murs et que l\u2019eau gouttait du &hellip; <\/p>\n<p class=\"link-more\"><a href=\"http:\/\/www.cousumouche.com\/cordiers\/\" class=\"more-link\">Continuer la lecture<span class=\"screen-reader-text\"> de &laquo;&nbsp;Cordiers Sessions&nbsp;&raquo;<\/span><\/a><\/p>\n","protected":false},"author":1,"featured_media":0,"parent":0,"menu_order":0,"comment_status":"closed","ping_status":"closed","template":"","meta":{"footnotes":""},"class_list":["post-49","page","type-page","status-publish","hentry"],"_links":{"self":[{"href":"http:\/\/www.cousumouche.com\/cordiers\/index.php\/wp-json\/wp\/v2\/pages\/49"}],"collection":[{"href":"http:\/\/www.cousumouche.com\/cordiers\/index.php\/wp-json\/wp\/v2\/pages"}],"about":[{"href":"http:\/\/www.cousumouche.com\/cordiers\/index.php\/wp-json\/wp\/v2\/types\/page"}],"author":[{"embeddable":true,"href":"http:\/\/www.cousumouche.com\/cordiers\/index.php\/wp-json\/wp\/v2\/users\/1"}],"replies":[{"embeddable":true,"href":"http:\/\/www.cousumouche.com\/cordiers\/index.php\/wp-json\/wp\/v2\/comments?post=49"}],"version-history":[{"count":74,"href":"http:\/\/www.cousumouche.com\/cordiers\/index.php\/wp-json\/wp\/v2\/pages\/49\/revisions"}],"predecessor-version":[{"id":470,"href":"http:\/\/www.cousumouche.com\/cordiers\/index.php\/wp-json\/wp\/v2\/pages\/49\/revisions\/470"}],"wp:attachment":[{"href":"http:\/\/www.cousumouche.com\/cordiers\/index.php\/wp-json\/wp\/v2\/media?parent=49"}],"curies":[{"name":"wp","href":"https:\/\/api.w.org\/{rel}","templated":true}]}}