{"id":30,"date":"2011-02-10T09:22:05","date_gmt":"2011-02-10T09:22:05","guid":{"rendered":"http:\/\/www.cousumouche.com\/wp\/?page_id=30"},"modified":"2019-10-19T12:10:24","modified_gmt":"2019-10-19T11:10:24","slug":"qui-sommes-nous","status":"publish","type":"page","link":"http:\/\/www.cousumouche.com\/dxs\/","title":{"rendered":"Qui sont-ils?"},"content":{"rendered":"<p><img class=\"size-full wp-image-613 alignnone\" title=\"banniere\" src=\"http:\/\/www.cousumouche.com\/dxs\/wp-content\/uploads\/2011\/02\/banniere1.gif\" alt=\"\" width=\"100%\"><\/p>\n<h1>Duo d&rsquo;eXtr\u00eames Suisses<\/h1>\n<h2><img class=\"alignleft size-full wp-image-1159\" src=\"http:\/\/www.cousumouche.com\/dxs\/wp-content\/uploads\/2013\/01\/DXS_affiche_40x60_vecto.jpg\" alt=\"DXS_affiche_40x60_vecto\" width=\"100%\" srcset=\"http:\/\/www.cousumouche.com\/dxs\/wp-content\/uploads\/2013\/01\/DXS_affiche_40x60_vecto.jpg 1182w, http:\/\/www.cousumouche.com\/dxs\/wp-content\/uploads\/2013\/01\/DXS_affiche_40x60_vecto-199x300.jpg 199w, http:\/\/www.cousumouche.com\/dxs\/wp-content\/uploads\/2013\/01\/DXS_affiche_40x60_vecto-682x1024.jpg 682w\" sizes=\"(max-width: 1182px) 100vw, 1182px\" \/><\/h2>\n<p>(Cliquez <a href=\"http:\/\/www.cousumouche.com\/dxs\/wp-content\/uploads\/2019\/10\/DXS_affiche_40x60_vecto.pdf\">ici<\/a> pour t\u00e9l\u00e9charger l&rsquo;affiche)<\/p>\n<h2>Rolf et Marcel K\u00fchl sont des patriotes. Ils ne sont pas fr\u00e8res, m\u00eame si leur patronyme est le m\u00eame. Marcel \u00e9tait chef de rayon cosm\u00e9tique \u00e0 la Migros, Rolf r\u00e9parateur de coucous. Leur rencontre lors d&rsquo;un stage de cor des Alpes leur fit d\u00e9couvrir un go\u00fbt commun pour la longeole, le papet et l&rsquo;arbal\u00e8te. Depuis ils ne se quittent plus et oeuvrent pour que la Suisse retrouve sa splendeur de 1290.<\/h2>\n<p><img class=\"alignnone\" src=\"http:\/\/www.cousumouche.com\/wp-content\/uploads\/2011\/09\/dxs_bienvenue_en_suisse.jpg\" alt=\"\" width=\"100%\"><\/p>\n","protected":false},"excerpt":{"rendered":"<p>Duo d&rsquo;eXtr\u00eames Suisses (Cliquez ici pour t\u00e9l\u00e9charger l&rsquo;affiche) Rolf et Marcel K\u00fchl sont des patriotes. Ils ne sont pas fr\u00e8res, m\u00eame si leur patronyme est le m\u00eame. Marcel \u00e9tait chef de rayon cosm\u00e9tique \u00e0 la Migros, Rolf r\u00e9parateur de coucous. Leur rencontre lors d&rsquo;un stage de cor des Alpes leur fit d\u00e9couvrir un go\u00fbt commun [&hellip;]<\/p>\n","protected":false},"author":1,"featured_media":0,"parent":0,"menu_order":0,"comment_status":"closed","ping_status":"open","template":"","meta":{"ngg_post_thumbnail":0},"_links":{"self":[{"href":"http:\/\/www.cousumouche.com\/dxs\/index.php?rest_route=\/wp\/v2\/pages\/30"}],"collection":[{"href":"http:\/\/www.cousumouche.com\/dxs\/index.php?rest_route=\/wp\/v2\/pages"}],"about":[{"href":"http:\/\/www.cousumouche.com\/dxs\/index.php?rest_route=\/wp\/v2\/types\/page"}],"author":[{"embeddable":true,"href":"http:\/\/www.cousumouche.com\/dxs\/index.php?rest_route=\/wp\/v2\/users\/1"}],"replies":[{"embeddable":true,"href":"http:\/\/www.cousumouche.com\/dxs\/index.php?rest_route=%2Fwp%2Fv2%2Fcomments&post=30"}],"version-history":[{"count":28,"href":"http:\/\/www.cousumouche.com\/dxs\/index.php?rest_route=\/wp\/v2\/pages\/30\/revisions"}],"predecessor-version":[{"id":1410,"href":"http:\/\/www.cousumouche.com\/dxs\/index.php?rest_route=\/wp\/v2\/pages\/30\/revisions\/1410"}],"wp:attachment":[{"href":"http:\/\/www.cousumouche.com\/dxs\/index.php?rest_route=%2Fwp%2Fv2%2Fmedia&parent=30"}],"curies":[{"name":"wp","href":"https:\/\/api.w.org\/{rel}","templated":true}]}}

<p><img class="size-full wp-image-613 alignnone" title="banniere" src="http://www.cousumouche.com/dxs/wp-content/uploads/2011/02/banniere1.gif" alt="" width="100%"></p>
<h1>Duo d&rsquo;eXtrêmes Suisses</h1>
<h2><img class="alignleft size-full wp-image-1159" src="http://www.cousumouche.com/dxs/wp-content/uploads/2013/01/DXS_affiche_40x60_vecto.jpg" alt="DXS_affiche_40x60_vecto" width="100%" srcset="http://www.cousumouche.com/dxs/wp-content/uploads/2013/01/DXS_affiche_40x60_vecto.jpg 1182w, http://www.cousumouche.com/dxs/wp-content/uploads/2013/01/DXS_affiche_40x60_vecto-199x300.jpg 199w, http://www.cousumouche.com/dxs/wp-content/uploads/2013/01/DXS_affiche_40x60_vecto-682x1024.jpg 682w" sizes="(max-width: 1182px) 100vw, 1182px" /></h2>
<p>(Cliquez <a href="http://www.cousumouche.com/dxs/wp-content/uploads/2019/10/DXS_affiche_40x60_vecto.pdf">ici</a> pour télécharger l&rsquo;affiche)</p>
<h2>Rolf et Marcel Kühl sont des patriotes. Ils ne sont pas frères, même si leur patronyme est le même. Marcel était chef de rayon cosmétique à la Migros, Rolf réparateur de coucous. Leur rencontre lors d&rsquo;un stage de cor des Alpes leur fit découvrir un goût commun pour la longeole, le papet et l&rsquo;arbalète. Depuis ils ne se quittent plus et oeuvrent pour que la Suisse retrouve sa splendeur de 1290.</h2>
<p><img class="alignnone" src="http://www.cousumouche.com/wp-content/uploads/2011/09/dxs_bienvenue_en_suisse.jpg" alt="" width="100%"></p>

<p>Duo d&rsquo;eXtrêmes Suisses (Cliquez ici pour télécharger l&rsquo;affiche) Rolf et Marcel Kühl sont des patriotes. Ils ne sont pas frères, même si leur patronyme est le même. Marcel était chef de rayon cosmétique à la Migros, Rolf réparateur de coucous. Leur rencontre lors d&rsquo;un stage de cor des Alpes leur fit découvrir un goût commun [&hellip;]</p>
