{"id":2887,"date":"2012-02-06T16:06:24","date_gmt":"2012-02-06T15:06:24","guid":{"rendered":"http:\/\/www.cousumouche.com\/?page_id=2887"},"modified":"2025-12-04T17:31:26","modified_gmt":"2025-12-04T16:31:26","slug":"abonnement-vip-2012","status":"publish","type":"page","link":"https:\/\/www.cousumouche.com\/?page_id=2887","title":{"rendered":"Abonnement VIP 2026"},"content":{"rendered":"<div class=\"wp-block-image\">\n<figure class=\"alignleft size-full is-resized\"><a href=\"http:\/\/www.cousumouche.com\/wp-content\/uploads\/2025\/12\/VIP-AFFICHE-2026.pdf\" target=\"_blank\" rel=\" noreferrer noopener\"><img loading=\"lazy\" decoding=\"async\" width=\"841\" height=\"1190\" src=\"http:\/\/www.cousumouche.com\/wp-content\/uploads\/2025\/12\/VIP-AFFICHE-2026.jpg\" alt=\"\" class=\"wp-image-7273\" style=\"width:250px\" srcset=\"https:\/\/www.cousumouche.com\/wp-content\/uploads\/2025\/12\/VIP-AFFICHE-2026.jpg 841w, https:\/\/www.cousumouche.com\/wp-content\/uploads\/2025\/12\/VIP-AFFICHE-2026-212x300.jpg 212w, https:\/\/www.cousumouche.com\/wp-content\/uploads\/2025\/12\/VIP-AFFICHE-2026-724x1024.jpg 724w, https:\/\/www.cousumouche.com\/wp-content\/uploads\/2025\/12\/VIP-AFFICHE-2026-768x1087.jpg 768w, https:\/\/www.cousumouche.com\/wp-content\/uploads\/2025\/12\/VIP-AFFICHE-2026-700x990.jpg 700w, https:\/\/www.cousumouche.com\/wp-content\/uploads\/2025\/12\/VIP-AFFICHE-2026-332x470.jpg 332w, https:\/\/www.cousumouche.com\/wp-content\/uploads\/2025\/12\/VIP-AFFICHE-2026-600x849.jpg 600w\" sizes=\"auto, (max-width: 841px) 100vw, 841px\" \/><\/a><\/figure>\n<\/div>\n\n\n<div class=\"wp-block-group is-vertical is-layout-flex wp-container-core-group-is-layout-8cf370e7 wp-block-group-is-layout-flex\">\n<h2>L&rsquo;abonnement VIP Cousu Mouche est de retour.<\/h2>\n<p><strong>Pour 100.-, vous recevrez au cours de l&rsquo;ann\u00e9e 2026 une belle moisson de livres de qualit\u00e9.<\/strong><\/p>\n<p>L&rsquo;abonnement VIP de Cousu Mouche, c&rsquo;est le bonheur sans passer par la cohue des magasins&#8230;<\/p>\n<p>Enfin bref, merci de nous faire confiance encore et encore!<\/p>\n<p class=\"product woocommerce add_to_cart_inline \" style=\"border:4px solid #ccc; padding: 12px;\"><span class=\"woocommerce-Price-amount amount\"><bdi><span class=\"woocommerce-Price-currencySymbol\">&#67;&#72;&#70;<\/span>&nbsp;100.00<\/bdi><\/span><a href=\"\/index.php?rest_route=%2Fwp%2Fv2%2Fpages%2F2887&#038;add-to-cart=4253\" aria-describedby=\"woocommerce_loop_add_to_cart_link_describedby_4253\" data-quantity=\"1\" class=\"button product_type_simple add_to_cart_button ajax_add_to_cart\" data-product_id=\"4253\" data-product_sku=\"\" aria-label=\"Ajouter au panier\u00a0: &ldquo;Abonnement VIP 2026&rdquo;\" rel=\"nofollow\" data-success_message=\"\u00ab\u00a0Abonnement VIP 2026\u00a0\u00bb a \u00e9t\u00e9 ajout\u00e9 \u00e0 votre panier\" role=\"button\">Ajouter au panier<\/a>\t<span id=\"woocommerce_loop_add_to_cart_link_describedby_4253\" class=\"screen-reader-text\">\n\t\t\t<\/span>\n<\/p>\n<p>Vous b\u00e9n\u00e9ficierez en outre de <strong>50% de r\u00e9duction<\/strong> sur tous nos ouvrages parus <strong>avant 2023<\/strong>.<\/p>\n<p>Alors, abonnez-vous, offrez des abonnements autour de vous, cela nous permet de continuer notre parcours rigoureusement ind\u00e9pendant et b\u00e9n\u00e9vole, de produire la litt\u00e9rature que nous aimons, avec passion, et sans concession.<\/p>\n<p><strong>Merci de vos partages et de votre soutien\u00a0!<\/strong><\/p>\n<p><strong>Nous sommes heureux et fiers de pouvoir compter sur vous\u00a0!<\/strong><\/p>\n<p style=\"text-align: left;\">L\u2019\u00e9quipe de Cousu Mouche<\/p>\n<p style=\"text-align: left;\">Micha\u00ebl, Monika, Olivier, Samir et S\u00e9bastien<\/p>\n<\/div>\n","protected":false},"excerpt":{"rendered":"<p>L&rsquo;abonnement VIP Cousu Mouche est de retour. Pour 100.-, vous recevrez au cours de l&rsquo;ann\u00e9e 2026 une belle moisson de livres de qualit\u00e9. L&rsquo;abonnement VIP de Cousu Mouche, c&rsquo;est le bonheur sans passer par la cohue des magasins&#8230; Enfin bref, merci de nous faire confiance encore et encore! Vous b\u00e9n\u00e9ficierez &#8230;<\/p>\n","protected":false},"author":1,"featured_media":0,"parent":0,"menu_order":0,"comment_status":"closed","ping_status":"open","template":"","meta":{"footnotes":""},"class_list":["post-2887","page","type-page","status-publish","hentry","column","fourcol"],"_links":{"self":[{"href":"https:\/\/www.cousumouche.com\/index.php?rest_route=\/wp\/v2\/pages\/2887","targetHints":{"allow":["GET"]}}],"collection":[{"href":"https:\/\/www.cousumouche.com\/index.php?rest_route=\/wp\/v2\/pages"}],"about":[{"href":"https:\/\/www.cousumouche.com\/index.php?rest_route=\/wp\/v2\/types\/page"}],"author":[{"embeddable":true,"href":"https:\/\/www.cousumouche.com\/index.php?rest_route=\/wp\/v2\/users\/1"}],"replies":[{"embeddable":true,"href":"https:\/\/www.cousumouche.com\/index.php?rest_route=%2Fwp%2Fv2%2Fcomments&post=2887"}],"version-history":[{"count":72,"href":"https:\/\/www.cousumouche.com\/index.php?rest_route=\/wp\/v2\/pages\/2887\/revisions"}],"predecessor-version":[{"id":7283,"href":"https:\/\/www.cousumouche.com\/index.php?rest_route=\/wp\/v2\/pages\/2887\/revisions\/7283"}],"wp:attachment":[{"href":"https:\/\/www.cousumouche.com\/index.php?rest_route=%2Fwp%2Fv2%2Fmedia&parent=2887"}],"curies":[{"name":"wp","href":"https:\/\/api.w.org\/{rel}","templated":true}]}}